se 2.
-1011100100101000011000
-1a5308 (base 16) to base 4
-12211030020
Convert -123416343 (base 7) to base 10.
-7836699
What is 221001 (base 5) in base 14?
2aca
7a92 (base 12) to base 5
414041
Convert -118338 (base 10) to base 14.
-311aa
1132203001 (base 4) to base 10
387265
What is 416a8 (base 14) in base 10?
157732
20204042 (base 5) to base 14
435a6
What is -101011001000101 (base 2) in base 8?
-53105
What is 20021220112 (base 3) in base 8?
361727
Convert cc2c30 (base 13) to base 8.
22250145
-2b2430 (base 12) to base 13
-1c7268
Convert 118da7 (base 15) to base 9.
1520334
-21212011120110 (base 3) to base 9
-7764513
Convert -4212497 (base 12) to base 16.
-be3933
What is -36540 (base 10) in base 15?
-ac60
23105525 (base 6) to base 14
1464b3
Convert -41415202 (base 7) to base 16.
-352681
10938 (base 13) to base 3
1112022220
What is -53355361 (base 7) in base 13?
-c2a238
What is -333033321 (base 4) in base 13?
-90bc1
3a33e (base 16) to base 2
111010001100111110
Convert -365613 (base 8) to base 2.
-11110101110001011
374853 (base 11) to base 5
122420430
What is -10110101100110110001100 (base 2) in base 15?
-7c8340
103212122 (base 4) to base 11
55354
1400210240 (base 5) to base 4
31130000022
Convert 84a676 (base 12) to base 6.
112500230
Convert 24cb27 (base 13) to base 16.
d815e
1244148 (base 9) to base 16
a5ba8
What is 101222010201210 (base 3) in base 12?
1b51249
-112002333331 (base 4) to base 12
-1b28711
What is 15a153 (base 14) in base 2?
10111000111101101101
Convert 81420 (base 10) to base 4.
103320030
Convert -200437 (base 12) to base 15.
-9c98d
What is -1031022223 (base 4) in base 9?
-531514
Convert 24331005 (base 6) to base 3.
1110022122012
Convert 342240 (base 7) to base 6.
1145353
11316213 (base 7) to base 14
1bd07a
What is 4623324 (base 11) in base 4?
132312023012
Convert -516723 (base 8) to base 7.
-1312633
What is 36500613 (base 7) in base 13?
8a2307
What is -100101001110110011010 (base 2) in base 9?
-2258458
-a459c (base 15) to base 6
-15100050
What is 201130210 (base 4) in base 12?
67344
What is 100101011101111 (base 3) in base 2?
10011000000100011010110
Convert 24461 (base 7) to base 3.
22210112
-12b450 (base 12) to base 4
-1023222330
5b684 (base 13) to base 11
105323
What is 2222201221202 (base 3) in base 2?
110000011111111000010
Convert -39390aa (base 13) to base 7.
-305245142
-2243231431 (base 5) to base 8
-23221411
What is -458b0 (base 12) in base 15?
-1c7b3
Convert 8633 (base 11) to base 10.
11410
What is 35851f (base 16) in base 6?
203102211
Convert -2245244 (base 6) to base 14.
-2ddc8
1f3e38 (base 16) to base 13
568c85
What is 379052 (base 10) in base 14?
9c1d2
-b148a2 (base 12) to base 10
-2766074
What is -8554994 (base 10) in base 14?
-11c99d0
What is -100001122201110 (base 3) in base 12?
-1742956
What is -6a2567 (base 15) in base 7?
-61045501
Convert 131242132 (base 5) to base 16.
9e9c3
1665332 (base 7) to base 12
b3a52
Convert -627136 (base 8) to base 9.
-346872
-23001232310 (base 4) to base 14
-55364c
Convert -63201 (base 9) to base 15.
-c561
What is 2203010101 (base 4) in base 9?
1227184
Convert 361241 (base 7) to base 13.
2394b
Convert 3203321123 (base 4) to base 5.
214332332
-2414202102 (base 5) to base 14
-a6287c
What is -1211002112 (base 3) in base 9?
-54075
What is -33501142 (base 6) in base 13?
-298a27
Convert -10255211 (base 6) to base 12.
-127507
What is 121212334 (base 5) in base 16?
8b177
What is 1010222301 (base 4) in base 15?
58510
Convert 120023231 (base 7) to base 16.
712fee
341421 (base 5) to base 16
2f4f
-1289a4 (base 11) to base 13
-71048
What is 40729 (base 12) in base 2?
10100100000010001
-93894 (base 16) to base 3
-1010200221210
What is -12112130 (base 4) in base 5?
-1313022
8da4 (base 15) to base 14
ad67
What is -23134134 (base 5) in base 8?
-627435
Convert 211040433 (base 5) to base 8.
3262062
What is -280502 (base 11) in base 15?
-8a4c7
-13201132 (base 4) to base 10
-30814
-41935b (base 13) to base 10
-1534089
1022332323 (base 4) to base 15
61006
Convert -323140311 (base 6) to base 3.
-101211012221021
122100211 (base 4) to base 10
107557
What is -122022101021 (base 3) in base 11?
-212a96
Convert 1b65439 (base 13) to base 8.
42541733
What is 7822 (base 15) in base 11?
18143
220220211001 (base 3) to base 10
490483
What is 20806 (base 15) in base 12?
4b780
16c2a (base 16) to base 12
45b4a
What is 869599 (base 13) in base 6?
151440554
562344 (base 14) to base 5
1222111002
94a (base 12) to base 13
802
-2d053 (base 14) to base 10
-112577
What is -51b92a (base 13) in base 2?
-111010010011111011110
What is -2231223201 (base 4) in base 15?
-e0bb3
Convert 76f481 (base 16) to base 5.
3443431331
115153145 (base 6) to base 15
2d926b
Convert -5421a (base 11) to base 4.
-103033020
-34314030 (base 5) to base 15
-6112a
-1c6c8 (base 14) to base 6
-1320320
What is 11231310202 (base 4) in base 12?
60316a
What is -213310011321 (base 4) in base 15?
-db2690
Convert 100a22 (base 16) to base 6.
34310310
14124343 (base 5) to base 14
3b0bc
What is -1533513520 (base 6) in base 12?
-66428a0
-21381 (base 11) to base 10
-31065
101100001111010111 (base 2) to base 13
64630
5854537 (base 9) to base 4
30010320331
130530520 (base 6) to base 16
271950
What is 841700 (base 12) in base 14?
3c097a
What is -230d5a (base 16) in base 11?
-13299a4
-22221202110 (base 3) to base 9
-287673
Convert -189868 (base 10) to base 7.
-1420360
What is -1c12c13 (base 13) in base 16?
-8e2bcc
-322155 (base 8) to base 7
-625534
What is 1374c0 (base 13) in base 9?
801073
What is 82e26 (base 16) in base 5?
114123402
406b05 (base 14) to base 7
24305205
-32771 (base 14) to base 8
-356537
What is -6b0190 (base 13) in base 4?
-21230222013
-14b141 (base 12) to base 13
-c39a3
Convert -a19719 (base 14) to base 6.
-312353523
Convert 39351a4 (base 11) to base 16.
67fceb
32011132 (base 4) to base 7
330130
-41992 (base 12) to base 11
-59743
What is 145112002 (base 7) in base 16?
93822a
-361564 (base 8) to base 9
-207685
Convert 11310351 (base 6) to base 16.
55c7b
Convert 2604426 (base 8) to base 7.
6101343
58529 (base 15) to base 9
467763
-101323320 (base 4) to base 6
-1324040
Convert -20021201320 (base 4) to base 16.
-209878
Convert 1357902 (base 10) to base 9.
2488620
-11011010000100110 (base 2) to base 15
-23139
-24321012 (base 5) to base 2
-111000000010000011
Convert 2113 (base 4) to base 12.
107
14a407 (base 13) to base 3
221211002212
What is 403bc (base 16) in base 8?
1001674
Convert 11051403 (base 10) to base 5.
10312121103
Convert -2247d9 (base 14) to base 16.
-11c6db
What is -22011222011 (base 3) in base 2?
-100111010100111110
What is 69439 (base 16) in base 4?
1221100321
Convert -33065 (base 8) to base 13.
-6416
What is -8ac445 (base 14) in base 2?
-10010000000011110001101
cb7 (base 15) to base 10
2872
What is -124781 (base 10) in base 6?
-2401405
Convert 2124203404 (base 5) to base 6.
240532454
What is -1103223032 (base 4) in base 13?
-c0002
What is 3a97 (base 13) in base 10?
8405
-3a9af (base 16) to base 6
-5051155
22301323 (base 4) to base 2
1010110001111011
What is -12e125 (base 16) in base 14?
-242c97
Convert -2033406 (base 7) to base 13.
-86c28
Convert 687127 (base 9) to base 3.
202221010221
-201231130 (base 4) to base 6
-2543124
Convert 6740420 (base 8) to base 6.
102552452
-29159b (base 13) to base 11
-625471
Convert 3410138 (base 9) to base 3.
10110100011022
Convert -10312101 (base 5) to base 12.
-431a9
Convert -280603 (base 10) to base 14.
-74391
What is -3332000044 (base 5) in base 8?
-33653603
Convert 84602 (base 12) to base 14.
4740a
Convert 41446c (base 14) to base 7.
24466365
Convert 33292 (base 15) to base 9.
267022
What is 249a7 (base 11) in base 9?
54111
Convert 211000302 (base 4) to base 15.
2edbc
3238a74 (base 11) to base 5
2424131042
What is 1563555 (base 10) in base 3?
2221102210110
What is -11704167 (base 8) in base 5?
-1130401324
Convert 112230 (base 12) to base 15.
55ed3
Convert 246162 (base 7) to base 16.
b139
Convert -126fa (base 16) to base 12.
-3784a
Convert -40272 (base 11) to base 3.
-2222202221
Convert 146603 (base 7) to base 13.
1012a
-78500a2 (base 11) to base 5
-12010401102
Convert -16260205 (base 7) to base 5.
-400440220
Convert -dbd08d (base 14) to base 10.
-7450085
What is -136949a (base 14) in base 13?
-1c41213
1002012